ctor of w and 13?
13
Suppose 14934 = 1315*y - 1296*y. What is the greatest common factor of 9 and y?
3
Let y be (240/(-14))/(12/(-126)). Let k(z) = z**3 + 43*z**2 - 141*z - 111. Let t be k(-46). Calculate the highest common divisor of y and t.
9
Let h(m) = -2*m**3 + 28*m**2 + 33*m + 27. Let t be h(15). What is the highest common divisor of 2556 and t?
36
Let c be 420/630 - ((-2306)/6 + 0/(-1)). What is the highest common divisor of 1001 and c?
77
Let k = 175338 + -175226. Suppose 221 + 3 = 4*s. What is the highest common factor of s and k?
56
Let z be (9/(135/(-50)))/((-1)/3). Suppose 8 = -4*x + 8*x. Suppose x*g + 8 = 0, -62 = -l + g - 3*g. What is the greatest common factor of l and z?
10
Suppose j = 31 - 3. Let o = 513 + -506. Let u be (8 - o)/(-2 - 1234/(-616)). What is the greatest common divisor of j and u?
28
Let d(z) = 56*z - 19. Let k be d(-5). Let l = k - -113. Let s = l + 331. What is the greatest common factor of s and 29?
29
Let b(d) = -d**3 + 69*d**2 - 790*d - 10. Let s be b(16). Calculate the highest common factor of 162 and s.
54
Let y(m) = 94*m**2 + 2. Suppose 21*j - 3*j = -18. Let b = 0 + j. Let u be y(b). Calculate the highest common factor of 6 and u.
6
Suppose 172*i = 235*i - 31878. What is the highest common divisor of 1426 and i?
46
Suppose -2*k + 1 = -j - 4*k, 0 = 5*j + 3*k - 9. Suppose 3*p - 81 = 3*s, 5*p + j*s - 49 = 62. Calculate the greatest common factor of 384 and p.
24
Let n(w) = 260*w**3 - w**2 - w - 1. Let r be n(-1). Let v be (-72)/(-54)*r/(-2). Suppose 3*t = v - 39. Calculate the greatest common divisor of t and 450.
45
Let g(q) = 2*q**2 - 6*q - 5. Let j be g(-4). Suppose c - 2*c + 3*d + 3 = 0, 2*c - 5*d - 8 = 0. Calculate the greatest common divisor of c and j.
3
Let s be (-8)/(-4)*(-9)/(-2). Let b = -69 + 72. Suppose -b*u + 5*c + 34 = -0*c, 3*u - c = 14. What is the greatest common divisor of s and u?
3
Let o = -11254 - -13684. What is the highest common divisor of o and 4536?
162
Suppose -556 = -6*m + 38. Let l = 138 - 105. Calculate the greatest common divisor of l and m.
33
Let n(c) = 1. Let y(v) = v**3 - 17*v**2 - 8*v + 143. Let o(m) = -5*n(m) - y(m). Let a be o(16). What is the greatest common factor of 4 and a?
4
Let p(z) = -35*z**2 - 4*z - 69. Let x(r) = -r**3 + r**2 + 2*r - 1. Let o(m) = -p(m) - x(m). Let t be o(-34). What is the highest common factor of 7 and t?
1
Let z(p) = p**3 - 2*p + 92. Let b be z(0). Suppose -360 = -b*i + 91*i. What is the highest common factor of i and 15?
15
Let y = -18044 - -18046. What is the highest common divisor of y and 25?
1
Let b = 116 + -116. Let y = -3 + 5. Suppose -y*o + 0 + 18 = b. Calculate the highest common factor of o and 15.
3
Let a be 4/18 - 1038940/(-738). What is the highest common divisor of 154 and a?
22
Let g = 212 - 83. Suppose -9*v - g = -1587. What is the highest common divisor of 18 and v?
18
Let d = -116 - -131. Let x(z) = -732*z - 669. Let m be x(-2). What is the highest common factor of d and m?
15
Suppose -107 = a - 146. Calculate the highest common factor of a and 8229.
39
Let o(f) = f**3 - 7*f**2 + 2*f + 9. Let l be o(7). Suppose -2*m = -22 + 92. Let w be ((-69)/5)/(1 - (-42)/m). What is the highest common divisor of l and w?
23
Let i = 58 + -492. Let t = 580 + i. Calculate the greatest common divisor of 365 and t.
73
Suppose 71 = 18*q + 17. Suppose -4*y = q*r - 271 + 25, -122 = -2*y - r. Suppose y = 45*n - 42*n. Calculate the highest common factor of 10 and n.
10
Let h(l) = -l**3 + 4*l**2 + 8*l - 21. Let z be h(5). Let s be (-2275)/(-21) + 2/z. Calculate the highest common factor of 36 and s.
36
Let b be (642 - 0)*((-48)/(-12) - 3). Calculate the highest common divisor of b and 30.
6
Let c(h) = -h**3 + 35*h**2 + 115*h + 18. Let r be c(38). Calculate the greatest common divisor of 308 and r.
28
Suppose n + 4858 = 253*n + 1078. Calculate the greatest common factor of n and 6995.
5
Let f = -84 - -120. Let c be 62/155 + 4928/5. Suppose -12*n = -1034 + c. Calculate the highest common divisor of n and f.
4
Let k(i) = 5*i + 95. Let x be k(-18). Suppose 4*f + 3*c = -c + 332, 0 = -x*f + 5*c + 425. What is the highest common divisor of 140 and f?
28
Let g be (390/(-104))/(100/75 - 35954/26952). What is the highest common factor of 5 and g?
5
Let o = -171 + 115. Let u be (-408)/o - 4/14. What is the highest common factor of 63 and u?
7
Suppose -3*s + 456 = s. Let d(g) = g**2 - 50*g - 738. Let m be d(62). Calculate the greatest common factor of s and m.
6
Let o be (2728/(-20))/(2/(-5)). Calculate the greatest common divisor of o and 496.
31
Let h = 4392 - 4372. Let p be (-3)/(0 - (-3)/(-4)). What is the greatest common divisor of p and h?
4
Let d = -4949 + 4992. Calculate the greatest common divisor of 301 and d.
43
Suppose 2*y - 5 = 3. Suppose -v - y*v + 130 = 0. Let s = 10923 + -10637. Calculate the highest common factor of v and s.
26
Suppose -201 + 1515 = -9*i. Let r = -122 - i. What is the greatest common divisor of r and 40?
8
Suppose -55 = 3*v - 8*v. Let d = v - 11. Suppose c - 4*h = 5, -c + d*h - h + 10 = 0. What is the greatest common factor of 144 and c?
9
Let d(x) = x - 21. Let n be d(29). Let m(z) = 45*z - 101. Let b be m(9). What is the greatest common factor of b and n?
8
Let z(m) = 3*m**2 + m - 78. Let f be z(9). Let i = 185 - f. Suppose -h - 2 = -2*h, -2*h = -2*d + 18. What is the highest common factor of i and d?
11
Let y = -149 - -253. Let v = 149 - y. Suppose 0 = -4*p - 13 + v. Calculate the greatest common factor of 64 and p.
8
Let q(o) = 13*o**3 - o**2 + o. Let n be q(1). Let h = -5 + n. Let b be 10/6 + h/(-12). Calculate the highest common factor of 1 and b.
1
Let x(y) = -y**2 - 592*y + 3609. Let n be x(6). Let d be (-3*37)/(5/(-35)). Calculate the highest common divisor of n and d.
21
Suppose -5*g - 2*o - 1652 = -g, 3*g - 5*o = -1239. Let j = -317 - g. What is the highest common factor of j and 36?
12
Let r(k) = 16*k**2 + 150*k - 157. Let u be r(-20). Calculate the highest common factor of 46 and u.
23
Let z(d) = 11*d + 10. Let q be z(1). Let g be 5 + 45 - (-6)/q*-7. Calculate the greatest common divisor of 32 and g.
16
Suppose -26 = -3*r - 14. Let g be 8/(-60) - (r + (-861)/45). Calculate the greatest common factor of 105 and g.
15
Let q(a) = 17*a**3 - 12*a**2 - 25*a + 100. Let c be q(4). What is the greatest common divisor of c and 28?
28
Suppose 30*i = -31*i + 290194 + 280156. Calculate the highest common factor of i and 34.
34
Let s(z) = 10*z**3 - 9*z**2 + 18*z. Let x be s(4). What is the greatest common factor of 8 and x?
8
Suppose n - 5*y + 51 = 79, -n + 8 = -y. Suppose 5*g - 2*q - 1190 = 0, n*g - 952 = -g - 4*q. Calculate the greatest common divisor of 34 and g.
34
Let m = 1489 - 2091. Let x = 626 + m. Let l be ((-24)/10)/(1/(-5)). What is the greatest common factor of x and l?
12
Suppose 6*c = 5*c + 91. Let o = 9221 + -9214. Calculate the greatest common factor of o and c.
7
Let x be -6 - (1 - 15 - (-17 + (1 - -10))). Suppose -5*p - j + 593 = 0, 5*p - 3*j = -0*j + 581. What is the highest common divisor of x and p?
2
Let k(a) = 8*a**3 - 3*a**2 + 3*a + 4. Let n be k(3). Let x = -139 + n. What is the highest common factor of x and 18?
9
Let g = 9547 - 8803. What is the greatest common divisor of g and 876?
12
Suppose 22*h - 15*h = 0. Suppose -11*l + 25*l - 224 = h. What is the greatest common factor of 6 and l?
2
Let f be 3*(8/3)/(-2). Let m(d) be the third derivative of -d**4/12 + 8*d**3/3 + 11*d**2 - 122. Let v be m(f). Calculate the greatest common factor of v and 60.
12
Let j = 70 + -16. Suppose -l + 6 = -j. Calculate the greatest common factor of l and 105.
15
Suppose -16*c + 18*c - x = 61, -3*c + 84 = -4*x. What is the highest common divisor of c and 1168?
16
Suppose -6395 = 177*n - 199*n + 1261. Calculate the highest common divisor of n and 3567.
87
Let h(x) = -77*x + 966. Let l be h(9). What is the greatest common divisor of 210 and l?
21
Suppose -2*c + 1042 = 5*t + 247, 3*t - 493 = 2*c. Let r be 0 + (1 - 0) + 6. Calculate the highest common divisor of r and t.
7
Let b(y) = -6*y + 194. Let k(a) = 9*a - 290. Let h(w) = 8*b(w) + 5*k(w). Let q be h(13). Calculate the highest common divisor of 441 and q.
63
Let s(f) = -f**2 + 64*f + 232. Let k be s(48). Calculate the highest common factor of k and 175.
25
Let q = 44